 + 5*c - 13*c. Let o be g(-2). Suppose 0 = 3*y - d + 5 - o, 0 = y - 4*d + 14. What is the remainder when 9 is divided by y?
3
Let d be 4 + (0/3)/3. Suppose d*z = 20*z - 736. Calculate the remainder when 227 is divided by z.
43
Suppose -4208 = -19*z + 3*z. What is the remainder when z is divided by 22?
21
Let d(w) = 14*w**2 - 7*w - 6. What is the remainder when 59 is divided by d(-1)?
14
Let v(k) = -k + 5. Let u = -8 - -6. Let f = u + 9. What is the remainder when v(-7) is divided by f?
5
Suppose -74*q - 65 = -79*q. Suppose -5*f = b + 26, 7*b + f = 2*b - 10. Let v(y) = -22*y**3 + y**2 + y + 1. Calculate the remainder when v(b) is divided by q.
10
Let h(b) = b**2 - 5*b + 5. Let d(z) be the second derivative of z**5/20 + z**3/2 - 4*z**2 - 12*z. What is the remainder when d(2) is divided by h(5)?
1
Suppose 13*o + 19*o - 3232 = 0. Calculate the remainder when o is divided by (-384)/(-15) - 2/(-5).
23
Suppose 0 = 32*v + 85 - 11605. Calculate the remainder when v is divided by 7.
3
Calculate the remainder when (-12 - 146)/((-6)/(-8) + 55/(-20)) is divided by (-16)/(-6)*(0 - -3).
7
Suppose -2*t - 2*t + 5*o + 86 = 0, -4*o = -3*t + 65. Calculate the remainder when t is divided by (120/(-100))/(1 + (-84)/75).
9
Let q(z) = 3*z - 9. Let k be q(-7). Calculate the remainder when 94 is divided by k/20*38/(-3).
18
What is the remainder when 31 is divided by 20 - (-4 + 2 - 2)/2?
9
Let v(t) be the second derivative of t**3/6 + 7*t**2/2 + 9*t. Calculate the remainder when v(13) is divided by (-2)/(((-4)/(-11))/(-2)).
9
Let p = 266 + -164. Calculate the remainder when p is divided by 37.
28
Suppose -3*p + 0*j + 49 = -4*j, -3*p + 3*j = -45. What is the remainder when 372 is divided by p?
9
What is the remainder when 2/6*4176/12 is divided by 9?
8
Let a = -63 + 68. Suppose a*q - 39 = -4. What is the remainder when (-1 + -3)*78/(-12) is divided by q?
5
Let p = 192 + -152. Calculate the remainder when p is divided by -2*(46/(-4) + 1).
19
Suppose -171 = -10*h + 59. Suppose -5*x - 10 = 0, -4*x - 26 = -2*s - 8. What is the remainder when h is divided by s?
3
Calculate the remainder when ((-879)/(-2))/((-270)/(-180)) is divided by 74.
71
Let r = 25 + -24. Calculate the remainder when -2 - 79/r*-1 is divided by 16.
13
Suppose p + 4*o - 6*o - 45 = 0, -90 = -3*p - 3*o. Calculate the remainder when p is divided by 9.
8
What is the remainder when 31 is divided by 320/15 + (-5)/15?
10
Suppose -z - 3348 = -7*z. What is the remainder when z is divided by 14?
12
Suppose 4*o + 316 = -6*l + 10*l, -91 = -l - 3*o. Calculate the remainder when 227 is divided by l.
63
Let x = 322 + -309. Calculate the remainder when 45 is divided by x.
6
Let t = -13 + 6. Let h = 30 + t. Suppose n + j = 69, 0 = 4*n - 2*n + 5*j - 144. Calculate the remainder when n is divided by h.
21
Suppose -u + 4 = -18. Suppose 0 = -17*d + 28*d - 946. What is the remainder when d is divided by u?
20
Suppose -5 = 2*i - 2*n - 3, 21 = -5*i - 3*n. Let j be 73/i - (-14)/(-21). Let f = 1 - j. What is the remainder when 77 is divided by f?
25
Calculate the remainder when 242 is divided by ((-17)/(-3) - -4)*30/10.
10
Let o = 3 + 1. Let w(q) = -q**2 + 5*q + 4. Calculate the remainder when (-2)/(-5) - 126/(-10) is divided by w(o).
5
Let l be 12/(9/(-6) - -3). Suppose -3*q = -4*q + l. Calculate the remainder when (-1)/((-1 - -3)/(-28)) is divided by q.
6
Let m = -14 - -21. Let n be 39 - (-4)/(-8)*10. Let f = n - 22. What is the remainder when f is divided by m?
5
Suppose 4*m - 5*m + 51 = 0. What is the remainder when 28*(-4)/(-8) - -87 is divided by m?
50
Let a = 443 + -407. Calculate the remainder when 539 is divided by a.
35
Suppose -2*o + 4*l + 106 = -60, -5*l + 332 = 4*o. What is the remainder when 2240 is divided by o?
82
What is the remainder when (525/50)/(1/46) + 2 is divided by 159?
8
Suppose -3*t - 32 = -4*z - 167, -3*t + 3*z = -132. Suppose -v - t = -65. What is the remainder when 71 is divided by v?
23
Calculate the remainder when (-1)/((-1)/43) - -7 is divided by 6.
2
Suppose -281 = -5*b - 71. What is the remainder when b is divided by 32?
10
Suppose 4*c - 260 = -4*x, 12*x - 16*x + 263 = c. What is the remainder when x is divided by 35?
31
Suppose -4*r - 396 = -22*r. Let y = -12 - -20. Calculate the remainder when r is divided by y.
6
Suppose -2*n + 52 = -6*n. Calculate the remainder when 63 is divided by 4/(-8)*n*2.
11
Suppose 3*q = 5*u - 65, 0 = -3*u - 5*q - 5 + 10. Let c(p) = 20*p - 174. Calculate the remainder when c(10) is divided by u.
6
Let g = 1656 + -1550. Calculate the remainder when g is divided by 19.
11
Suppose 0 = -z - m - 13, -m = -0*m + 1. Let y be ((-18)/z)/(2/(-8)). What is the remainder when 41 is divided by (-36)/y*(-15)/(-6)?
11
Let t = -69 - -139. Suppose 12*g - 43 - 245 = 0. What is the remainder when t is divided by g?
22
Let q = -156 + 358. Calculate the remainder when q is divided by 40 + 1/3*3.
38
Suppose -4*x + 6 = h - 8, -5*x - 3*h = -21. Suppose 0*z = x*z - 54. Suppose -u = 1 - z. Calculate the remainder when u is divided by 6.
5
Let w(t) = 3*t**2 + 8*t - 3. What is the remainder when 195 is divided by w(2)?
20
Suppose 43*l + 32 = 44*l. Calculate the remainder when 188 is divided by l.
28
Let n(h) = 9*h - 86. Let l(f) = 3*f - 29. Let c(u) = 7*l(u) - 2*n(u). Calculate the remainder when 97 is divided by c(15).
13
Calculate the remainder when 335 is divided by ((-21)/14)/((-5)/((-860)/(-6))).
34
Calculate the remainder when (-4 - -1) + 364 + 8/4 is divided by 91.
90
Let x = -7 - -9. Suppose 3*h - 2*w - 22 = -0, 2*h - 3*w - 23 = 0. Suppose 4*c + 53 = 3*s, 2*c + x*c + 64 = h*s. Calculate the remainder when s is divided by 5.
1
Let l(v) = 41 - 47 + 3*v - 4*v. What is the remainder when l(-7) is divided by 1?
0
Let y(k) = -5*k + 11. What is the remainder when 231 is divided by y(-22)?
110
Let r be 48 - (-1 - (2 - 1)). Suppose 3*b = -2*p + 5, 74*b = 72*b - 6. Calculate the remainder when ((-4)/5)/((-4)/r) is divided by p.
3
Let m(k) = -k**3 + 19*k**2 + 25*k - 18. Let c = 40 - 18. What is the remainder when m(20) is divided by c?
16
Let k = 43 - -237. Suppose -5*q = -4*l + 1264, -26 = -q + 2*l - k. What is the remainder when (-4 + q/8)*-2 is divided by 18?
17
Suppose -2*i = -7*i - 25. Calculate the remainder when (-1)/i + (-319)/(-55) is divided by 4.
2
Suppose 4*r + 159 + 57 = -5*y, 0 = 5*y - 2*r + 222. Let n = y - -86. Calculate the remainder when n is divided by 26.
16
Let g(f) = f**3 + 2*f**2 + f + 4. Let n be g(-3). Let l = n + 29. What is the remainder when 61 is divided by l?
19
Let w(x) = 6*x**2 + x + 8 + 86*x**2 - 7. Calculate the remainder when w(1) is divided by 16.
14
Let v(g) = g + 13. Let m be v(3). Suppose -3*a = -m + 1. Suppose 2*s - 48 = -0*s. What is the remainder when s is divided by a?
4
Suppose 2*g - 4*i - 124 = 0, 3*g = 7*g - 2*i - 236. What is the remainder when 110 is divided by g?
52
Let q = -192 - -333. Calculate the remainder when q is divided by 36.
33
Let o(z) = 4*z**2 + 12*z + 15. Let m(g) = 7*g**2 + 25*g + 30. Let b(p) = 3*m(p) - 5*o(p). Calculate the remainder when b(-16) is divided by 7.
3
Suppose -4 = -3*c + 5*c. Let d = c - -17. Suppose 5*n = w - 27 - 19, -5*n + 6 = w. Calculate the remainder when w is divided by d.
11
Let j be 666/27 + 2/(-3). Suppose -4*p + 3*w - 2*w + j = 0, -13 = -p + 2*w. Suppose 3*h + 68 = 7*h. What is the remainder when h is divided by p?
2
What is the remainder when (-478)/(-4) + (-5)/(-10) is divided by 31?
27
Let z(r) = -13*r - 72. Let w be z(-6). Calculate the remainder when 32 is divided by (-8)/80*w - 56/(-10).
2
Let p be (-2)/(-6)*-3*-4. Calculate the remainder when (0 - (-9 - p))*2 is divided by 6.
2
Let q = 2 - -1. Let c = -11 - -17. Calculate the remainder when (-1 - c/(-15))*-10 is divided by q.
0
Let u be 2/(-3)*21/(-2). Let s(q) = q**3 + q**2 - q + 3. Let n be s(0). Suppose -u*m + 76 = -n*m. What is the remainder when 55 is divided by m?
17
Let q(k) = 3*k**2 - 11*k + 7. Let r be q(5). Suppose -4*y = -5*h - 31, 3*h = -3*y + 6*y - r. What is the remainder when 38 is divided by y?
10
Suppose -10*p + 560 = -3*p. What is the remainder when p is divided by 42?
38
Let w(m) = 2*m + 20. Let f be (-7)/2*34/(-17). Calculate the remainder when w(f) is divided by 12.
10
Suppose -3*d + 86 - 2 = 0. What is the remainder when d is divi